3*b + 3*v, 4*b = 3*v + 210 - 26. Let a = -21 + b. What are the prime factors of (-74)/(-10) - 10/a?
7
Let w(j) = 316*j + 11. List the prime factors of w(1).
3, 109
Let g(r) = r**2 - 3*r - 4. Let b be g(-4). Suppose b = -5*m + m. Let q = 12 + m. What are the prime factors of q?
2, 3
Let i = -130 + 152. List the prime factors of (15/((-15)/i))/((-4)/34).
11, 17
Let x(c) be the first derivative of c + 5/4*c**4 - 3/2*c**2 - 1/3*c**3 + 2. List the prime factors of x(2).
31
What are the prime factors of -2*16*(-6)/3?
2
Let x(p) = p**3 - 2*p**2. Let f be x(2). Let r(q) = 4 + f + 1 - 5*q. List the prime factors of r(-4).
5
Suppose -58*g + 56402 + 42662 = 0. What are the prime factors of g?
2, 7, 61
Suppose 4*f + 3*o - 6 = 8, 0 = -2*f + 5*o - 6. Suppose 170 = -0*n - f*n. Let u = n - -119. List the prime factors of u.
2, 17
Suppose 4*y - 3*b - 1770 = 0, -7*b = -2*b - 10. List the prime factors of y.
2, 3, 37
What are the prime factors of 25155/72 - 15/40?
349
Let m(v) = -v**3 + 9*v**2 - 14*v - 2. Let r be m(6). Suppose 10*o - r*o = -3480. List the prime factors of o.
2, 5, 29
List the prime factors of 258 + 1*12/(-2).
2, 3, 7
Suppose -4*c - 56 = z - 5*z, 2*z - 5*c = 25. What are the prime factors of (-536)/(-10) - z/25?
53
Let q(w) = w**2 - 9*w + 9. Let r be q(6). Let p = r + 14. List the prime factors of -2 + p - (-27 - 1).
31
Suppose -3*m - 2*p = -22, -4*p + 13 = 2*m - 3*p. Suppose -m*f + 37 = -15. List the prime factors of f.
13
Let i = -112 - -115. Suppose -i*x + 4*r + 240 = -x, 0 = 5*x + r - 589. List the prime factors of x.
2, 59
Let a = -207 + 91. Let c = 230 + a. What are the prime factors of c?
2, 3, 19
Let k = 15 - 13. Suppose 0*i + 3*i = -k*u - 29, 5*i = 5. Let d = u + 27. What are the prime factors of d?
11
Let c(l) = l**3 + 3*l**2 - 7*l - 6. Let t = 12 + -6. Suppose -t*o + o = 20. What are the prime factors of c(o)?
2, 3
Let h be (2 + -14)/(6/4). Let u = h + 63. List the prime factors of u.
5, 11
Let a = 1590 - 614. What are the prime factors of a?
2, 61
Let l = 142 + -66. Suppose -16 = 4*n - l. List the prime factors of n.
3, 5
Suppose -5*u - z + 2121 = 0, 2*u + z = 5*u - 1271. List the prime factors of u.
2, 53
Let f(a) = 16*a**2 - 4*a - 6. Suppose 0 = -3*d - 6, -p - 2*d - 3 = -3*d. Let x(h) = -h**2 - 4*h + 3. Let t be x(p). What are the prime factors of f(t)?
2, 3, 11
Let x(o) = o**2 - o + 4. Let p(a) = a**2 + 4*a + 6 + 0*a**2 - 4*a. Let m be p(0). List the prime factors of x(m).
2, 17
Let r(z) = z**2 - 4*z. Let g be r(5). Let s be (63/(-14) + 5)/((-1)/(-46)). Let a = s - g. List the prime factors of a.
2, 3
Let c = 13 - 13. Suppose 0 = -c*m + 3*m + 9. List the prime factors of (-68)/m + (-5)/(-15).
23
Let u = -107 - -118. Let s(p) = 12*p + 5. What are the prime factors of s(u)?
137
Let p be 4/8 + ((-9)/2)/(-1). Let i(y) = -y**3 + 8*y**2 - 3*y + 7. List the prime factors of i(p).
67
Suppose -o = 5*v + 2*o - 35, -3*v + 2*o + 2 = 0. What are the prime factors of v - -1*(2 + 35)?
41
Suppose -18*b + 406 = 100. Suppose -b*l + 350 = -10*l. What are the prime factors of l?
2, 5
Let g(i) = -i**3 - 18*i**2 + 18*i + 59. List the prime factors of g(-20).
499
Let u = -16 + 81. What are the prime factors of (19 - 18) + (u - 0)?
2, 3, 11
Let j(z) = -z**3 + 4*z**2 + 2*z. Let n be j(2). Let r = 32 - n. Suppose 0 = -4*g + 244 + r. What are the prime factors of g?
2, 3, 11
Let x be (2 - (-34)/(-1)) + -2. Let t be 4/2 - x/1. Suppose 4*z = s - t, 3*s - 2*z - 56 = -3*z. List the prime factors of s.
2, 5
Let g = -25 + 11. Let c = 20 + g. List the prime factors of c.
2, 3
Let u be -6*(-3)/30*-5. Let d = 3 + -4. Let i = d - u. What are the prime factors of i?
2
Suppose 0 = -0*b + 3*b - 528. List the prime factors of b/3 - -5 - 4/6.
3, 7
Let l(w) = -w**3 - 6*w**2 - 7*w - 6. Let v be l(-5). Let z(o) = -5 + 1 + 123*o**2 - 120*o**2. What are the prime factors of z(v)?
2, 11
Let f(w) = 139*w + 3. List the prime factors of f(2).
281
Let u be (-4)/((-60)/(-9))*(0 + -5). Suppose -2*c = -7*c + u*b + 457, -5*c - 2*b + 462 = 0. What are the prime factors of c?
2, 23
Let h = 400 + 90. What are the prime factors of h?
2, 5, 7
Let q be 6/(-10) + 74/(-10). List the prime factors of (-350)/q + 12/(-16).
43
Let w(j) = 6*j**3 - 5*j**2 + 5*j - 1. Let b be w(1). Suppose -4*s = -b*s + 2. List the prime factors of s.
2
Suppose 11*o = 16*o - 60. Suppose -20 = -2*s - o. What are the prime factors of 34 + 2 + s + -8?
2
Let b = -56 + 76. Suppose -19*u - 259 = -b*u. List the prime factors of u.
7, 37
Suppose 10*x = -5*d + 8*x + 187, -d + 32 = -5*x. What are the prime factors of d?
37
Let b be 391/2 - (-4)/(-8). What are the prime factors of -1 - (-1 + b/(-3))?
5, 13
Let k(a) = -a**2 - 11*a + 7. Let z(c) = c**2 + c + 1. Let w(v) = -k(v) - 2*z(v). Let n be w(6). What are the prime factors of 52/6*n/6?
13
Let i be -6*1/((-6)/(-9)). Let j be (24 - 0) + i + 12. Suppose 4*z - 123 = -j. List the prime factors of z.
2, 3
Let r be 0 - -1 - (-2)/((-4)/30). Let f(n) = n**3 + 16*n**2 + 18*n + 10. List the prime factors of f(r).
2, 3, 5
Let i(h) = -4*h - 7. Let t be i(-9). Let g = t - 27. List the prime factors of 39 + g + -3 + -2.
2, 3
Let n = 60 - 56. Suppose -180 = n*k - 7*k. List the prime factors of k.
2, 3, 5
Let g be (-5)/25 + (-124)/5. Let j = g - -97. List the prime factors of j.
2, 3
Suppose 0 = -w + 50 + 38. Let q = w + -77. What are the prime factors of q?
11
Let z(v) = v**3 + 11*v**2 + v + 11. Let p be z(-11). Let b = 0 - p. List the prime factors of 1 + 3 + 0 + b.
2
Let o(f) = 2*f - 13. Let r be o(9). Let b(h) = 0*h + r*h + 2*h - 2 + 0*h. List the prime factors of b(1).
5
Suppose -4*f = v - 30 + 2, f + 2*v - 14 = 0. Suppose -f - 102 = -2*m. What are the prime factors of m?
2, 3
Suppose -5*s + 2*m - 112 = 33, 5*s + 145 = 4*m. Let h = 20 + s. Let w = -6 - h. List the prime factors of w.
3
Suppose 5*u - 12 = u. Suppose u*h = h + 88. What are the prime factors of (h/(-3))/(18/(-27))?
2, 11
Let m(p) = -p**3 - 5*p**2 - 7*p + 7. Suppose 0 = -8*t - 21 - 27. What are the prime factors of m(t)?
5, 17
Let n(y) = 5*y + 14. Let b(i) = i + 1. Let k(z) = 6*b(z) - 2*n(z). What are the prime factors of k(-14)?
2, 17
Let h(m) = 2*m - 14. Let j be h(8). Suppose -2*q + 10 = j, 2*u = 5*q - 12. Let d(z) = 4*z**2 - 8*z + 11. What are the prime factors of d(u)?
43
Let t = -4 - -3. Let j = 4 - 10. What are the prime factors of (t + 5 + -6)*j?
2, 3
Suppose 49 = 3*x - b, 3*x + 27 = 4*x - 3*b. Suppose 2*q = -2*u + 10, -2*q - 3*u = 2*q - x. Suppose -5*o + 17 + 18 = q. List the prime factors of o.
7
Let p be 2/(-10) - 144/(-45). Suppose -4*q = -65 - 71. Suppose -4*u + 2*o + 60 = 0, -q = p*u - 6*u - 4*o. What are the prime factors of u?
2, 7
Let b(g) = 5*g**2 - g - 1. Let c(m) = m**2 + 5*m - 8. Let f be c(-6). Let z be b(f). Let q = z - 2. List the prime factors of q.
19
Let r(v) = 14*v**2 - 9*v + 9*v + 2*v**2. List the prime factors of r(-1).
2
Suppose -16*s - 2786 = -23*s. What are the prime factors of s?
2, 199
List the prime factors of (-24)/(-2)*(-10681)/(-44).
3, 971
Let g be 12/(-10)*(-10)/3. Let f(a) = -3*a + 2 - 4*a + 5*a + 5*a + g*a**2. List the prime factors of f(-2).
2, 3
Suppose 0 = 5*w - 5*u + 35, -2*w = 3*u + 5 + 4. Suppose 0 = l - 7*l + 54. List the prime factors of w/l*-8*3.
2
Suppose -5*z = 3*k - 13, -41 = 4*k - 4*z - z. What are the prime factors of (-3 - k)*3 - -25?
2, 7
Suppose 4*u - 6 = u. Suppose -u*r = -r - 4. Suppose 5*m + 4*o - 4 = 0, -o + r*o + 20 = 2*m. List the prime factors of m.
2
Let n be (-1 - 1)*(-2 - -1). Suppose 4*b + 10 + 18 = 3*t, -n*b - 8 = 0. Suppose m = 1 - 2, -t*m = -2*d + 76. What are the prime factors of d?
2, 3
Let k(v) = 12*v**2 + 28*v - 3. What are the prime factors of k(-23)?
5701
Suppose 0*z = 4*z - 4. Suppose -3*s + 5 = g, -s + 0*g - g + z = 0. Suppose 2*k + s*k = 20. What are the prime factors of k?
5
Let g(z) = 39*z**2 + 55*z + 3. What are the prime factors of g(-9)?
3, 7, 127
Let n(v) = v**3 + 8*v**2 - 25*v + 10. Let a be n(-12). Let x = -113 - a. List the prime factors of x.
3, 17
Let g(b) = -7*b**3 + 4*b**2 + 8*b + 11. What are the prime factors of g(-3)?
2, 53
Let w(q) = -q**3 - 3*q**2 - 2*q - 5. Let m be w(-4). Let t = -15 + m. Suppose -4*r = -b + 20, -3*b - t*r = -0*r - 76. List the prime factors of b.
2, 3
Suppose 14*g = 8*g + 8394. List the prime factor